6 - 3*v + 22886 + m*v - 2*v. Give k(-11).
-12
Let b(g) = -g**3 + g**2 + 54*g + 33. Let n be b(8). Let x(c) = c - 24. What is x(n)?
-7
Let k(l) = 2*l**3 + 5*l + 4. Let r(n) = 7*n**3 + 26*n**2 + 47*n - 28. Let f(c) = 4*k(c) - r(c). What is f(27)?
44
Let t(j) = 3*j**2 - 11*j + 9. Let n(p) = -p**2 + p. Let l(m) = 6*n(m) + 3*t(m). Determine l(1).
3
Let j(c) = -6*c**3 - c**2 - 7*c + 1. Let i(d) = 217*d + 1 - 447*d - 3*d**3 - 2*d**3 + 224*d. Let o(z) = -7*i(z) + 6*j(z). Give o(-6).
-1
Let m = 724 + -719. Let y(t) = -3*t**2 + 15*t - 16. Give y(m).
-16
Let y(x) = 14*x**2 - 50*x + 2. Let s(n) = -9*n**2 + 33*n - 2. Let b(j) = 11*s(j) + 7*y(j). Give b(11).
14
Let y(s) = -s**2 - 80*s - 149. Let f be y(-2). Let r(m) = -9*m + 2. Let q(z) = 1 + 17*z + 0 - 21*z. Let u(n) = -5*q(n) + 2*r(n). Give u(f).
13
Let h be -3 + -4 - (4 - 8). Let b(j) = j**3 - 12*j**2 - 14*j + 16. Let l be b(13). Let x(v) = -v**3 - 6*v**2 - v - v + l*v**2. Determine x(h).
6
Suppose -189*j = -183*j + 18. Let x(g) = -2*g**2 - 45*g - 128. Let c be x(j). Let w(m) = -m - 5. Determine w(c).
6
Let u = 3145 - 3141. Let c(i) = 3*i**2 - 12*i - 2. Determine c(u).
-2
Let p(m) = -3*m**3 + m**2 + 2*m + 1. Let d(w) = -w**2 + 182*w - 363. Let j be d(2). Determine p(j).
85
Let v be (-13 - 50/(-45)) + (-2)/18. Let c(h) = 3*h + 17. What is c(v)?
-19
Suppose 14 = 17*f - 13*f - 5*i, -8 = 4*i. Let r(h) = 5*h + 2. Determine r(f).
7
Let f(c) be the third derivative of -c**5/60 - 13*c**4/8 - 11*c**3/3 + 2*c**2 + 974*c - 1. Calculate f(-38).
16
Let v = -12 - -10. Suppose 2*n = -2*x + 6*n - 8, n = 3. Let r(z) = 2*z**x - 1 - 79*z + 80*z - z**2 + 0*z**2. Determine r(v).
1
Let w(c) = c**3 - 5*c**2 + 3*c + 2. Suppose 0 = 2*l + 2 + 212. Let q = 111 + l. What is w(q)?
-2
Let y(w) = 31*w - 103. Suppose -4*x + 753 - 738 = 3*z, 5*z = x + 2. What is y(x)?
-10
Let t(b) = 21*b**2 + 175*b - 285. Let j(g) = -13*g**2 - 116*g + 190. Let v(w) = 8*j(w) + 5*t(w). What is v(51)?
-7
Let j(u) be the second derivative of -1/6*u**3 + 0 - u + 3/2*u**2. Let d be -5 - -9 - (80/70 + (-8)/(-28)*-4). Give j(d).
-1
Let h(w) = w - 3. Suppose -5*a = 115*b - 120*b + 45, -3*b + a + 23 = 0. Determine h(b).
4
Suppose -5*l + s = -7, -4*s = 5*l - 9*l - 4. Suppose 5*x + 43 = -l*f, -16 = 4*x - 2*f - f. Let c(u) = -u**2 - 5*u. Determine c(x).
-14
Let r be (-710)/(-35) + (60/35 - 2). Let b be 96/(-40)*r/(-8). Let i(u) = 2*u - 10. Calculate i(b).
2
Let a(z) be the third derivative of -z**4/8 - z**2. Let j(n) = 40 + 14 + 7 - 11 + 16 - 12*n - n**2. Let s be j(-16). What is a(s)?
-6
Suppose -162 - 62 = 5*g - 2*b, -g - 2*b = 52. Let z(f) = -4*f - 181. Give z(g).
3
Suppose -2 = 2*n - 6, -3*i + 3*n = 21. Let r = 41 + -38. Let c(z) = 8 + 0*z + z + z**r - 2*z**3 - 1 - 5*z**2. Give c(i).
2
Let i(m) = -m - 12. Let r(p) = -3*p - 37. Let j(x) = -7*i(x) + 2*r(x). Let g be j(-7). Let u(w) = g*w + 3*w - 4*w - 5*w**2 - w. Calculate u(1).
-4
Let q(l) = 11*l - 12. Let k be q(2). Let n(j) = -3 + k - 1. Let t(w) = -w - 5. Let h(f) = -3*n(f) - 4*t(f). What is h(-2)?
-6
Let v(c) be the first derivative of -c**4/4 - 5*c**3/3 + c**2 + 2*c + 2898. What is v(2)?
-22
Let w(b) = b + 8*b**2 - 10*b**2 - 42 - 3*b - b + 45. Calculate w(2).
-11
Let c be ((-7)/(-2) - 3)*-26. Let b(l) = -15*l**2 + 5*l - 5. Let u(v) = 7*v**2 - 2*v + 2. Let h(t) = c*u(t) - 6*b(t). Let x be 3 + 0/(-3) - 6. Determine h(x).
7
Let s(c) = 15*c**2 + 20 + 0*c**3 + 20 + c - 33 + 14 + c**3. Determine s(-15).
6
Suppose -256 - 377 = -5*y - 3*d, 2*y + 4*d - 242 = 0. Let i = y - 120. Let m(v) = v**3 - 10*v**2 + 9*v + 5. Determine m(i).
5
Let s(q) = 3 + 0 + 0*q**2 - 5*q + q**2. Suppose 6*m = -3*j + 57, -34 = 2*j + 4*m - 8*m. Determine s(j).
-1
Let p(m) be the third derivative of -m**7/315 + m**6/720 - 21*m**4/4 + 101*m**2 + m. Let v(f) be the second derivative of p(f). Give v(2).
-30
Let j be (12/10)/(8/(-20)) - 59. Let o = j - -60. Let d(r) be the third derivative of 11*r**4/24 + r**3/3 + 3*r**2. What is d(o)?
-20
Let x(w) = w - 3. Let m(t) = -t**2 + 10*t + 6. Let k(n) = m(n) - x(n). Let l = -12 + 23. What is k(l)?
-13
Let k(v) = v + 12. Let a = 120 + -96. Let q = -54 + a. Let w = q - -24. What is k(w)?
6
Let o(f) = f**2 - 7*f - 6. Let y be 33*(10/(-15))/(4/(-6)). Let g be (-32)/(-6) + 22/y. Suppose -k - 1 = v - 5, -3*v - 5*k + g = 0. Determine o(v).
-6
Suppose 3*y - 20*y + 2975 = 0. Let m(a) = -y + 175 + 2*a**2. What is m(-1)?
2
Let q(r) be the first derivative of 0*r + 204 + 29/2*r**2. What is q(1)?
29
Suppose 5*s + 5*s = 100. Let m = -2 - -2. Suppose m*n = 2*n - s. Let q(f) = -f + 2. Give q(n).
-3
Suppose 0 = 2*r - 7 + 3, -r + 14 = 4*a. Let h(t) = 441*t**3 - 221*t**a - 221*t**3 - 10*t + 11*t**2 - 2 - 3. What is h(10)?
-5
Let t be (15/(-20))/(930/(-912) + 1). Let q(v) = v**3 - 38*v**2 - 3*v + 113. Give q(t).
-1
Let s be -8 + (2 - 0 - 5). Let t = 13 + s. Let j(g) = -7*g - 11. Let i(v) = v + 2. Let h(x) = -6*i(x) - j(x). Give h(t).
1
Let l(i) = -3*i + 64. Let g(j) = -58*j + 1866. Let x be g(32). What is l(x)?
34
Let b(r) = r**3 + 4*r**2 - 4*r + 5. Let h be (-1)/(1/(-5)) + 27/(-9). Suppose -2*s - 10 = s + 5*g, h*s + 4*g + 6 = 0. Give b(s).
0
Let r = -4 - -31. Let t be 5 - (1/(-3) + (-18)/r). Let z(h) = -t*h - 28 - 33 + 60. What is z(1)?
-7
Let w(c) be the first derivative of -c**2 + 3*c - 3. Let h = -80 + 97. Let l(n) = -n**2 + 18*n - 10. Let b be l(h). Give w(b).
-11
Let r(q) = 4*q**2 - 7*q + 9. Let k(a) = a**2 - 2*a + 3. Let j(h) = 7*k(h) - 2*r(h). Suppose 0 = 6*t + 18 - 18. Determine j(t).
3
Let j(g) = 8*g**3 + 3*g**2 + 5*g + 1. Let p be (19 - 15) + 3 + -9. Calculate j(p).
-61
Let i(o) be the second derivative of 0*o**3 + 0 + 3/2*o**2 + 99*o - 1/6*o**4. Determine i(0).
3
Let a(l) be the third derivative of l**6/60 + l**5/12 - l**4/4 - l**3/6 + 53*l**2 + 5. Calculate a(-3).
8
Let j(h) = 4*h**3 + 3*h**2 - 3. Let p(d) = -8*d**3 - 7*d**2 + 7. Suppose 5*w = 2*v + 26, -w - 16 + 5 = 5*v. Let y(a) = v*p(a) - 7*j(a). Give y(-1).
4
Let l(h) be the first derivative of h**3/2 - h**2 - 4*h - 21. Let y(t) be the first derivative of l(t). Suppose 9*i = 5*i - 16. What is y(i)?
-14
Let d(v) be the second derivative of v**4/12 + v**3 - 25*v**2 - 2467*v. What is d(-11)?
5
Let j(b) = 744*b + 7 - 1455*b + 710*b. Let i be 6/8*4*2. Determine j(i).
1
Let g(i) = -3*i**2 + 103*i + 62. Let o be g(35). Let n(p) be the first derivative of p**4/4 + 8*p**3/3 + 2*p**2 + 10*p + 30. What is n(o)?
-22
Let t(s) = -s + 2. Let h(v) = -v**2 - 27*v - 173. Let x be h(-10). Let a(f) = -f**2 + 5*f - 1. Let o(r) = x*t(r) + a(r). Calculate o(7).
0
Let m(o) = 10*o - 6. Let l be 12/(-18)*100/(-8) + (-28)/21. Calculate m(l).
64
Let z(a) be the first derivative of 3*a**4/4 + 5*a**3 - 11*a**2 - 14*a - 3240. Give z(-6).
10
Let z(r) = -17*r + r + 16*r**2 + 6*r - 20 - 20*r. Let o(g) = -3*g**2 + 6*g + 4. Let d(n) = 11*o(n) + 2*z(n). Let m be ((-600)/3900)/(1/(-39)). Determine d(m).
4
Let o(k) = k**3 - 18*k**2 - 17*k - 28. Suppose 42*b - 114 = 36*b. Let u be o(b). Let s(r) = r + 1. Determine s(u).
11
Let q be (-3)/(7*(-6)/(-70)). Let o(l) = 13*l**3 - 2*l - 2. Let g(x) = 16*x**3 - x**2 - 2*x - 3. Let r(a) = q*o(a) + 4*g(a). What is r(-3)?
-17
Let u(x) = x**3 - 6*x**2 + 4*x - 37. Let w be (120/170)/(40/340). Calculate u(w).
-13
Let h(x) = 4*x - 5. Let s(k) = 22*k - 27. Let t(j) = -6*h(j) + s(j). Determine t(-1).
5
Let h(i) = 9*i**3 - i**2 - 2*i - 1. Suppose -2*q - 209 = -213. Suppose -q*j + o - 2 = 0, -4*j - 3*o + 0 = 4. Determine h(j).
-9
Suppose 1538*g - 1566*g = 112. Let s(z) = 2*z**2 + 33*z + 92. Give s(g).
-8
Let d(y) = -2*y**3 - 4*y**2 + 128*y + 13. Let v(t) = 2*t**3 + 4*t**2 - 149*t - 14. Let s(k) = 7*d(k) + 6*v(k). What is s(-3)?
19
Let v(r) = -r + 1. Let h(l) = 4*l + 1. Let i(c) = h(c) + 5*v(c). Suppose 2*d - 13*d + 77 = 0. What is i(d)?
-1
Let m(q) be the third derivative of 35*q**4/24 + 100*q**3/3 - 640*q**2 - 4. Determine m(-6).
-10
Let x(p) = p**3 - 2*p**2 - p - 3. Let i(t) = -8*t**3 + 16*t**2 + 7*t + 24. Let k(y) = -2*i(y) - 17*x(y). Give k(4).
-17
Let d(p) = p**3 - 9*p**2 + 6*p + 8. Let l(q) = -q + 1. Let u(f) = -30*f**2 - 2*f. Let o(x) = l(x) - u(x). Let n be o(1). Suppose n = 5*w - w. Give d(w).
-8
Suppose 0 = 46*v - 21 - 71. Let k(q) be the second derivative of -1/3*q**4 - 1/3*q**3 + 0*q**v + 0 + 3*q + 1/20*q**5. Give k(4).
-8
Let z(m) = -m**2 + m + 117.